t is the value of 4 - 1 - (2 + 1 + 106 + -96)?
-10
Evaluate -3 - (24 - 43) - -7.
23
What is the value of -19 + 49 - 11 - 11?
8
What is the value of (-48 - -53) + 4 + 3 + -3?
9
What is the value of (160 - 141) + (2 - 5)?
16
What is the value of -11 + 0 + 7 + -8 + 2 + -26?
-36
What is the value of (-136 - -121) + (7 - 0) + (-14 - -1)?
-21
Calculate (2 + (-2 - 7) - -3) + -11 + 12.
-3
What is the value of -2 - (10 - -6) - (-6 + 11 - -5)?
-28
(1 - 0) + -4 + 23 + -41 + 20
-1
Calculate 3 + (-1 - -13 - (1 + 25 + -8)).
-3
What is (13 - 5) + (-19 - -4) - 4?
-11
What is -8 + 20 + -24 + 10?
-2
0 - (10 - (28 + -8))
10
Evaluate 5 - (3 - (2 + -11 + 23)).
16
What is 30 - 36 - (2 - (-2 + 6 + -1))?
-5
What is the value of (-29 + 13 - -22) + -6?
0
Evaluate 4 + (-7 - -1) + -4 + -15 - 7.
-28
-24 + 7 + (-3 - -7) + -13 + 9
-17
What is the value of (-23 - -15 - (-1 - -1 - 6)) + -18?
-20
(-6 - -1 - 2) + 10 + -20
-17
Evaluate 20 - (5 + 9) - (2 + -4).
8
Calculate 18 + 2 - (339 + -320).
1
-4 - (10 + (-8 - (-1 + 2)))
-5
Calculate -2 - (-7 + 7 + -1 + (-6 - -9)).
-4
Evaluate 11 + (-8 - (17 - 7)).
-7
Evaluate 6 + -9 + 7 - -5 - 16.
-7
What is (1652 - 1664) + (3 - (1 - 2))?
-8
Evaluate -11 - (-25 - -25 - (-6 + 3 - 4)).
-18
Evaluate (1 - -43) + -29 + -1.
14
What is 914 + -919 - (5 + -2 + 4)?
-12
6 - (-7 + -4 - (21 - 23) - -11)
4
-2 + (-24 + 14 - 3)
-15
What is (1 - -15) + -1 + -35 + 1?
-19
What is the value of -5 + 6 - 7 - 15 - -1?
-20
Calculate 10 + (-2 - (-8 + 6)) - 33.
-23
Evaluate -1 - 0 - ((-1 - 1) + -6 - -4).
3
Calculate -2 + -1 + -2 + 9 + 0 + -7.
-3
What is the value of 56 - (34 - (-17 + 25))?
30
Evaluate (-5 - (7 - 5)) + (1 - (2 + 4)).
-12
What is the value of 23 + (-6 - 17) + -5?
-5
What is the value of (15 + 0 - 0 - 14) + 4?
5
What is (0 + -21 - -1) + 9?
-11
-5 + (7 - 0 - (17 - 11 - -22))
-26
What is (0 - 9) + 19 + 1 + 1 + -27?
-15
Calculate (0 - -1) + 6 - (0 - -10).
-3
What is the value of -481 + 487 - (1 + 0 - 4)?
9
Evaluate 10 + (-15 - (-11 - -9)) - (-2 - 7).
6
Evaluate 1 + (-1 - ((-1 - -3 - -5) + -3)).
-4
Calculate 12 + 17 + -32 + 0 + -23 - 7.
-33
Evaluate -16 - (-17 + 9) - 7.
-15
-5 - (-26 - (-17 + 6))
10
Calculate (-4 - 0) + 9 + (-22 - -30).
13
What is 29 - (28 - 19 - (10 - (1 + -1)))?
30
Evaluate (-31 - -7) + 22 + (1 - 7) + -1.
-9
(0 - 3) + -57 + 70
10
What is the value of -4 - (-5 - -2 - -1) - (206 - 192)?
-16
Evaluate (-5 - -21) + 0 - (-55 - -61).
10
Evaluate -24 - -20 - ((5 - 2) + -2 - 16).
11
What is the value of 11 - 5 - (14 + 1 + -4)?
-5
Evaluate -28 + 2 + -17 - -29.
-14
What is the value of -5 + (6 - 4) - (-1 + -1)?
-1
What is the value of -3 + (58 - 28) + -19?
8
What is 3 - -10 - (7 + -6)?
12
Calculate (2 - 3) + (-10 - (-9 - -8)).
-10
Evaluate 43 + -43 - -7 - (0 - -25).
-18
Evaluate 2 - 0 - (-7 + (20 - 17)).
6
What is (3 - (-4 - (-2 - 2))) + -1 + -16?
-14
Calculate (-1 - ((-2 - 7) + 16)) + 3.
-5
Calculate (12 - 5 - (-3 + 1 + 2)) + 5.
12
What is the value of 4 - (-16 - -9) - (-34 - -43)?
2
Calculate (11 - (3 - -4)) + -9 + 12.
7
(1 - 22) + (-119 - -134)
-6
Calculate -7 - 31 - (2 + -19 + 0).
-21
What is 4 + (-10 - -10 - 12)?
-8
-32 + 9 + 5 + 56
38
Evaluate (-10 - 6 - -13) + 1 + 6.
4
Calculate (30 - (12 - 5) - 6) + -8.
9
Evaluate (14 + -2 - 0) + -3.
9
Calculate -2 + 16 + (-8 - 0 - -10) - 4.
12
Evaluate -6 - 0 - (3 - 9) - (11 + -14).
3
Evaluate -14 - (-7 - (-23 + (-16 - -28))).
-18
29 - 21 - (6 - -9)
-7
Evaluate 8 - (13 + 1 + -9 + 9).
-6
What is 6 + (-19 - 3) + (2 - -6)?
-8
What is 5 + 0 + (10 + -11 - 14)?
-10
Evaluate 8 - ((1 - -1) + -15 + -1 + 49).
-27
What is -30 + (20 + -23 - -60)?
27
Calculate (-37 - (-46 + -33)) + -40.
2
What is -57 - -20 - ((1 - 18) + 6)?
-26
Evaluate 2 - -1 - (-142 - -122).
23
What is the value of 1 + 14 + -11 + -10?
-6
-8 + (18 - (-2 - (12 + -5 - 3)))
16
Calculate 2 + 7 - (-37 + 31 + 14).
1
Evaluate -1 + 1 + -14 + 0 + 22.
8
What is 8 - (18 - 6) - (-2 - -11)?
-13
Calculate (-13 - (-3 + -15)) + -36 + 10.
-21
What is the value of 0 + 7 - (12 + 0 + -3)?
-2
What is (5 - 3) + 7 + 5 + 0 + -23?
-9
Evaluate (4 - -10) + (12 + 6 - 52).
-20
Calculate 0 + -16 - (-17 - (21 - 39)).
-17
What is -2 + 4 - (-4 + -3 + 3 - -12)?
-6
What is 0 - (16 + -20 + -17)?
21
29 + (-4 - -1) + (6 - (6 - -7))
19
6 + (-24 - -21 - (-6 + 2) - 2)
5
What is the value of -3 + 19 + -16 - (-33 + 4)?
29
What is the value of (65 - 68) + (7 - 6)?
-2
What is the value of 1304 + -1262 + (0 - 71)?
-29
What is 9 + -15 + (12 - 5) - 3?
-2
Calculate -9 + (12 - 7) + -2 - -8.
2
-15 - (-1 - -2) - (-37 - -75 - 41)
-13
What is the value of (0 + -3 + 6 - (-40 - -41)) + 1?
3
Calculate 5 + 1 - (-336 + 345 + -31 + 1).
27
24 - -1 - (776 - 742)
-9
Calculate -40 + 30 - (-18 - 0).
8
Calculate 7 - 1 - (90 - 79 - (11 + 1)).
7
(30 + -56 - -11) + 5
-10
-8 - ((-12 - -5) + 1 - (6 - 5))
-1
Evaluate (5 - 7 - (-4 - 4)) + 6.
12
Calculate (3 - 21) + (6 - 4) - -4.
-12
What is 2 + (7 - (3 + -16 - -9))?
13
What is the value of 4 + 0 - (-1 + 7 - (53 - 54))?
-3
Calculate -11 + 0 - (-36 - -23) - (-5 - 1).
8
Calculate 7 + 3 + 10 + (-32 - -22).
10
Evaluate -4 - (-10 - (-21 - -13)).
-2
What is -6 + (6 - 19) + 17?
-2
What is the value of -4 - ((-25 - -34) + 5 + -3)?
-15
Calculate -7 + (5 - 8) - -11.
1
What is (-1 - -5) + (15 - (-14 + 12 - -6))?
15
Calculate 25 + (24 - 23) + -19.
7
Evaluate (-10 - (2 + -9) - 6) + 33 - 5.
19
Evaluate 22 - (-17 + 12 + 12).
15
What is 7 + 4 + 10 - 9 - -1?
13
Evaluate 3 + (12 - (10 - -1)).
4
Calculate 1 + 4 + -5 - (-2 + 10) - -22.
14
Evaluate 38 + -40 + 3 - (18 - (0 + -2)).
-19
10 + (-58 + (-4 + 10 - 1) - -10)
-33
Calculate 3 + -20 - (-8 - 1 - (2 + -12)).
-18
Evaluate 2 + -15 + (173 + -167 - (0 - -1)).
-8
What is -7 - (26 + -8 - 14)?
-11
Evaluate 8 + (-4 - 12 - -12 - -1).
5
Calculate 2 + (-6 - -10) + (-6 - -7).
7
What is the value of 119 + -124 - (3 + -7 + 2) - 4?
-7
17 + (-1 - (20 + -18))
14
Calculate -53 - 1 - (-98 - (-62 - 18)).
-36
-14 + (10 - -18) + -10
4
5 + 3 - (324 + -328)
12
Calculate -24 - ((1 - 6) + (59 - 62)).
-16
Calculate 0 - 13 - 0 - (-103 - -74).
16
Calculate (-3 - 2) + -12 + -2 + 7.
-12
Calculate -6 + 2 + -1 + -9 + (0 - -3).
-11
What is the value of (19 - 36) + 9 + -1 + 1 - -8?
0
-38 - (2 + 6 + 2 + -6 + -11)
-31
Evaluate (-16 - -3) + (0 - -21).
8
Evaluate -13 + (2 - (6 - -5)) + 9.
-13
-2 + (-14 - 7) + 24
1
26 + (2 - 4) - (248 + -244)
20
Calculate -3 + 0 + 32 + -10 + -7.
12
(178 - 186) + 2 + 1 + -5
-10
(11 - (24 - -5)) + (6 - 2) + -9
-23
What is -2 - ((-9 - 11) + 29)?
-11
Evaluate (-1 + 0 - (2 + -3 + 7)) + -2.
-9
(1 - -13) + -23 - 2
-11
What is the value of (129 - 126) + (0 + (3 - 1) - 2)?
3
Evaluate -18 + -17 + 18 + 8.
-9
What is the value of (-4 - (-12 + (-13 - -10))) + -4 + -40?
-33
What is (-8 - (-23 - (-16 + 22))) + (1 - 5)?
17
Calculate (-14 - 5) + (38 + -12 - 13).
-6
Evaluate 25 - 1 - (-339 + 363).
0
What is (24 - 2) + -3 + -9 - (6 + 1)?
3
What is 5 - (2 + 0 + (3 - -1) + 7)?
-8
Evaluate 13 - 6 - 2 - (-2 - -5 - -1).
1
(-2 - -11) + (-5 - -1)
5
(-18 - -78) + -25 + -14
21
-3 + -4 + (16 + 0 - (14 - 9))
4
Evaluate 295 + -256 + (-3 - 34).
2
What is -13 - (28 - 18 - 26)?
3
Calculate (11 - 4) + (-20 - (4 + -15)).
-2
16 + -20 - (1 - 10)
5
-14 + 2 + -852 + 877
13
Calculate 3 - (6 - -1) - (-31 - -16).
11
-12 - (-5 + -19 + -3)
15
Evaluate 6 + (130 - 130 - (0 - 8)).
14
Evaluate -4 - (14 - (-10 + 15)).
-13
What is the value of (-8 - 3) + (11 - (-4 + 1))?
3
Evaluate (7 - 0) + 7 + -2 + -12 + 7.
7
0 - 17 - (611 + -614)
-14
Evaluate (6 + -6 - (2 + -1)) + 18 + -13.
4
-10 + -4 + 118 + -103 + (1 - 13)
-11
Evaluate 3 + (9 - (9 - -8)) - -4.
-1
Evaluate 6 + (16 - 14 - 8).
0
What is the value of 1 - (-3 + 1 - -5 - (-5 - -12))?
5
-11 + 7 + (14 - -1) + 1 + 2
14
Evaluate -1 - (0 + -12 - -5 - (1 - -3)).
10
What is -17 + (-12 - (-8 - 10))?
-11
What is (6 - 1 - (2 + (-10 - -3))) + 1?
11
Calculate 174 + -162 - (1 - -3).
8
What is -6 - (6 + 1 - (-7 + 12))?
-8
What is 10 + -22 + 2 + 2 + -7?
-15
Calculate (-3 - (-7 + 15)) + (-3 - -13) + -4.
-5
Calculate 48 + (-37 - -38) + -32.
17
1 + -3 - (-41 + 25 + (3 - -4))
7
Evaluate -10 + 5 - (-5 - (1 - -7) - -3).
5
Evaluate 14 - (-9 + 2) - (14 - (-4 + 10)).
13
Calculate -17 + 5 - -17 - 5.
0
Evaluate 2 + (49 - (52 + -29)).
28
(3 - (12 - (-2 + 8))) + 8
5
What is the value of (20 - (36 + -11)) + -1 + (-1 - -12)?
5
What is (26 - -1) + -2 + (-186 - -179)?
18
Eval